{"id":2349,"date":"2022-10-18T08:51:34","date_gmt":"2022-10-18T08:51:34","guid":{"rendered":"https:\/\/klbtheme.com\/partdo\/?page_id=2349"},"modified":"2025-09-23T08:53:47","modified_gmt":"2025-09-23T08:53:47","slug":"over-ons","status":"publish","type":"page","link":"https:\/\/megafood-center.nl\/?page_id=2349","title":{"rendered":"Over ons"},"content":{"rendered":"\t\t<div data-elementor-type=\"wp-page\" data-elementor-id=\"2349\" class=\"elementor elementor-2349\">\n\t\t\t\t\t\t<section class=\"elementor-section elementor-top-section elementor-element elementor-element-be2ed4a elementor-section-full_width elementor-section-height-default elementor-section-height-default\" data-id=\"be2ed4a\" data-element_type=\"section\">\n\t\t\t\t\t\t<div class=\"elementor-container elementor-column-gap-no\">\n\t\t\t\t\t<div class=\"elementor-column elementor-col-100 elementor-top-column elementor-element elementor-element-fdb95ef\" data-id=\"fdb95ef\" data-element_type=\"column\">\n\t\t\t<div class=\"elementor-widget-wrap elementor-element-populated\">\n\t\t\t\t\t\t<div class=\"elementor-element elementor-element-af29231 elementor-widget elementor-widget-partdo-page-banner\" data-id=\"af29231\" data-element_type=\"widget\" data-widget_type=\"partdo-page-banner.default\">\n\t\t\t\t<div class=\"elementor-widget-container\">\n\t\t\t\t\t<div class=\"entry-page-header\"><div class=\"container\"><div class=\"page-header-content\"><h1 class=\"entry-title\">Mega Food Center is d\u00e9 partner voor horecaondernemers.<\/h1><div class=\"entry-description\"> <p>Wij leveren dagelijks verse en houdbare producten tegen scherpe prijzen, speciaal geselecteerd voor restaurants, caf\u00e9s, snackbars en cateraars.<\/p><\/div><\/div><\/div><div class=\"entry-image\"> <img decoding=\"async\" src=\"https:\/\/megafood-center.nl\/wp-content\/uploads\/2025\/06\/Banner1-1.jpg\"><\/div><\/div>\t\t\t\t<\/div>\n\t\t\t\t<\/div>\n\t\t\t\t\t<\/div>\n\t\t<\/div>\n\t\t\t\t\t<\/div>\n\t\t<\/section>\n\t\t\t\t<section class=\"elementor-section elementor-top-section elementor-element elementor-element-f28c1eb elementor-section-boxed elementor-section-height-default elementor-section-height-default\" data-id=\"f28c1eb\" data-element_type=\"section\">\n\t\t\t\t\t\t<div class=\"elementor-container elementor-column-gap-extended\">\n\t\t\t\t\t<div class=\"elementor-column elementor-col-100 elementor-top-column elementor-element elementor-element-7b84ebb\" data-id=\"7b84ebb\" data-element_type=\"column\">\n\t\t\t<div class=\"elementor-widget-wrap elementor-element-populated\">\n\t\t\t\t\t\t<div class=\"elementor-element elementor-element-2973434 elementor-widget-divider--view-line elementor-widget elementor-widget-divider\" data-id=\"2973434\" data-element_type=\"widget\" data-widget_type=\"divider.default\">\n\t\t\t\t<div class=\"elementor-widget-container\">\n\t\t\t\t\t\t\t<div class=\"elementor-divider\">\n\t\t\t<span class=\"elementor-divider-separator\">\n\t\t\t\t\t\t<\/span>\n\t\t<\/div>\n\t\t\t\t\t\t<\/div>\n\t\t\t\t<\/div>\n\t\t\t\t\t<\/div>\n\t\t<\/div>\n\t\t\t\t\t<\/div>\n\t\t<\/section>\n\t\t\t\t<section class=\"elementor-section elementor-top-section elementor-element elementor-element-0047945 elementor-section-boxed elementor-section-height-default elementor-section-height-default\" data-id=\"0047945\" data-element_type=\"section\">\n\t\t\t\t\t\t<div class=\"elementor-container elementor-column-gap-extended\">\n\t\t\t\t\t<div class=\"elementor-column elementor-col-50 elementor-top-column elementor-element elementor-element-175785c\" data-id=\"175785c\" data-element_type=\"column\">\n\t\t\t<div class=\"elementor-widget-wrap elementor-element-populated\">\n\t\t\t\t\t\t<div class=\"elementor-element elementor-element-08ac546 elementor-widget elementor-widget-heading\" data-id=\"08ac546\" data-element_type=\"widget\" data-widget_type=\"heading.default\">\n\t\t\t\t<div class=\"elementor-widget-container\">\n\t\t\t\t\t<h2 class=\"elementor-heading-title elementor-size-default\">\ud83c\udfaf Onze Missie<\/h2>\t\t\t\t<\/div>\n\t\t\t\t<\/div>\n\t\t\t\t<div class=\"elementor-element elementor-element-7a53ffb elementor-widget elementor-widget-heading\" data-id=\"7a53ffb\" data-element_type=\"widget\" data-widget_type=\"heading.default\">\n\t\t\t\t<div class=\"elementor-widget-container\">\n\t\t\t\t\t<p class=\"elementor-heading-title elementor-size-default\">Bij Mega Food Center draait alles om het ondersteunen van horecaondernemers.\nWij weten hoe veeleisend en dynamisch de horeca is. Tijd is kostbaar, klanten verwachten kwaliteit, en voorraadbeheer moet strak geregeld zijn. Onze missie is dan ook simpel:\njouw werk makkelijker maken.\n\nDat doen we met:\n\nEen groot en gevarieerd assortiment\n\nSnelle en betrouwbare leveringen\n\nPersoonlijke service van mensen die jouw branche begrijpen<\/p>\t\t\t\t<\/div>\n\t\t\t\t<\/div>\n\t\t\t\t<div class=\"elementor-element elementor-element-fa26a32 elementor-widget elementor-widget-heading\" data-id=\"fa26a32\" data-element_type=\"widget\" data-widget_type=\"heading.default\">\n\t\t\t\t<div class=\"elementor-widget-container\">\n\t\t\t\t\t<p class=\"elementor-heading-title elementor-size-default\">Wij bieden een zorgvuldig samengesteld assortiment van zowel bekende A-merken als kwalitatieve huismerken. Van verse vleeswaren en diepvriesvis tot kruiden, sauzen, verpakkingen en reinigingsmiddelel,  wij leveren producten waar je \u00e9cht iets aan hebt in de keuken of aan de bar.\n\nDankzij onze scherpe inkoop en groothandelsverpakkingen kunnen we concurrerende prijzen bieden, zonder in te leveren op kwaliteit.<\/p>\t\t\t\t<\/div>\n\t\t\t\t<\/div>\n\t\t\t\t\t<\/div>\n\t\t<\/div>\n\t\t\t\t<div class=\"elementor-column elementor-col-50 elementor-top-column elementor-element elementor-element-4790fe0\" data-id=\"4790fe0\" data-element_type=\"column\">\n\t\t\t<div class=\"elementor-widget-wrap elementor-element-populated\">\n\t\t\t\t\t\t<div class=\"elementor-element elementor-element-b1a805e elementor-widget elementor-widget-image\" data-id=\"b1a805e\" data-element_type=\"widget\" data-widget_type=\"image.default\">\n\t\t\t\t<div class=\"elementor-widget-container\">\n\t\t\t\t\t\t\t\t\t\t\t\t\t\t\t<img decoding=\"async\" src=\"https:\/\/megafood-center.nl\/wp-content\/uploads\/2025\/09\/mfc2.jpg\" title=\"mfc2\" alt=\"mfc2\" loading=\"lazy\" \/>\t\t\t\t\t\t\t\t\t\t\t\t\t\t\t<\/div>\n\t\t\t\t<\/div>\n\t\t\t\t\t<\/div>\n\t\t<\/div>\n\t\t\t\t\t<\/div>\n\t\t<\/section>\n\t\t\t\t<section class=\"elementor-section elementor-top-section elementor-element elementor-element-cd7fef2 elementor-section-boxed elementor-section-height-default elementor-section-height-default\" data-id=\"cd7fef2\" data-element_type=\"section\">\n\t\t\t\t\t\t<div class=\"elementor-container elementor-column-gap-extended\">\n\t\t\t\t\t<div class=\"elementor-column elementor-col-100 elementor-top-column elementor-element elementor-element-fd84558\" data-id=\"fd84558\" data-element_type=\"column\">\n\t\t\t<div class=\"elementor-widget-wrap elementor-element-populated\">\n\t\t\t\t\t\t<div class=\"elementor-element elementor-element-988c8b5 elementor-widget-divider--view-line elementor-widget elementor-widget-divider\" data-id=\"988c8b5\" data-element_type=\"widget\" data-widget_type=\"divider.default\">\n\t\t\t\t<div class=\"elementor-widget-container\">\n\t\t\t\t\t\t\t<div class=\"elementor-divider\">\n\t\t\t<span class=\"elementor-divider-separator\">\n\t\t\t\t\t\t<\/span>\n\t\t<\/div>\n\t\t\t\t\t\t<\/div>\n\t\t\t\t<\/div>\n\t\t\t\t\t<\/div>\n\t\t<\/div>\n\t\t\t\t\t<\/div>\n\t\t<\/section>\n\t\t\t\t<section class=\"elementor-section elementor-top-section elementor-element elementor-element-af87b43 elementor-section-boxed elementor-section-height-default elementor-section-height-default\" data-id=\"af87b43\" data-element_type=\"section\">\n\t\t\t\t\t\t<div class=\"elementor-container elementor-column-gap-extended\">\n\t\t\t\t\t<div class=\"elementor-column elementor-col-50 elementor-top-column elementor-element elementor-element-b126c9c\" data-id=\"b126c9c\" data-element_type=\"column\">\n\t\t\t<div class=\"elementor-widget-wrap elementor-element-populated\">\n\t\t\t\t\t\t<div class=\"elementor-element elementor-element-343114d elementor-widget elementor-widget-image\" data-id=\"343114d\" data-element_type=\"widget\" data-widget_type=\"image.default\">\n\t\t\t\t<div class=\"elementor-widget-container\">\n\t\t\t\t\t\t\t\t\t\t\t\t\t\t\t<img decoding=\"async\" src=\"https:\/\/megafood-center.nl\/wp-content\/uploads\/2025\/09\/mfc.jpg\" title=\"mfc\" alt=\"mfc\" loading=\"lazy\" \/>\t\t\t\t\t\t\t\t\t\t\t\t\t\t\t<\/div>\n\t\t\t\t<\/div>\n\t\t\t\t\t<\/div>\n\t\t<\/div>\n\t\t\t\t<div class=\"elementor-column elementor-col-50 elementor-top-column elementor-element elementor-element-8eb22a6\" data-id=\"8eb22a6\" data-element_type=\"column\">\n\t\t\t<div class=\"elementor-widget-wrap elementor-element-populated\">\n\t\t\t\t\t\t<div class=\"elementor-element elementor-element-a25870c elementor-widget elementor-widget-heading\" data-id=\"a25870c\" data-element_type=\"widget\" data-widget_type=\"heading.default\">\n\t\t\t\t<div class=\"elementor-widget-container\">\n\t\t\t\t\t<h2 class=\"elementor-heading-title elementor-size-default\">\ud83c\udfaf Onze Visie<\/h2>\t\t\t\t<\/div>\n\t\t\t\t<\/div>\n\t\t\t\t<div class=\"elementor-element elementor-element-ac74e94 elementor-widget elementor-widget-heading\" data-id=\"ac74e94\" data-element_type=\"widget\" data-widget_type=\"heading.default\">\n\t\t\t\t<div class=\"elementor-widget-container\">\n\t\t\t\t\t<p class=\"elementor-heading-title elementor-size-default\">\ud83e\udd1d <b>Persoonlijk contact en service <\/b><br>\nBij Mega Food Center ben je geen klantnummer, maar een ondernemer met unieke behoeften.\nWe denken met je mee, houden rekening met jouw bestelmomenten, en staan klaar als er snel iets geregeld moet worden. Onze medewerkers zijn ervaren, betrokken en altijd bereikbaar voor advies.\n\nOf je nu dagelijks bestelt of wekelijks aangevuld wilt worden,  wij passen ons aan aan jouw werkwijze.\n\n<\/p>\t\t\t\t<\/div>\n\t\t\t\t<\/div>\n\t\t\t\t<div class=\"elementor-element elementor-element-9479c7e elementor-widget elementor-widget-heading\" data-id=\"9479c7e\" data-element_type=\"widget\" data-widget_type=\"heading.default\">\n\t\t\t\t<div class=\"elementor-widget-container\">\n\t\t\t\t\t<p class=\"elementor-heading-title elementor-size-default\">\ud83c\udf0d <b>Levering in heel Nederland<\/b> <br>\nVan grote steden tot kleine dorpen: ons logistieke netwerk zorgt ervoor dat jouw bestelling snel en correct wordt geleverd. We begrijpen dat jouw planning heilig is, en doen er alles aan om je voorraad op tijd aan te vullen.\n\n<\/p>\t\t\t\t<\/div>\n\t\t\t\t<\/div>\n\t\t\t\t\t<\/div>\n\t\t<\/div>\n\t\t\t\t\t<\/div>\n\t\t<\/section>\n\t\t\t\t<section class=\"elementor-section elementor-top-section elementor-element elementor-element-9fe7a65 elementor-section-boxed elementor-section-height-default elementor-section-height-default\" data-id=\"9fe7a65\" data-element_type=\"section\">\n\t\t\t\t\t\t<div class=\"elementor-container elementor-column-gap-extended\">\n\t\t\t\t\t<div class=\"elementor-column elementor-col-100 elementor-top-column elementor-element elementor-element-d4a1973\" data-id=\"d4a1973\" data-element_type=\"column\">\n\t\t\t<div class=\"elementor-widget-wrap elementor-element-populated\">\n\t\t\t\t\t\t<div class=\"elementor-element elementor-element-1c17b18 elementor-widget-divider--view-line elementor-widget elementor-widget-divider\" data-id=\"1c17b18\" data-element_type=\"widget\" data-widget_type=\"divider.default\">\n\t\t\t\t<div class=\"elementor-widget-container\">\n\t\t\t\t\t\t\t<div class=\"elementor-divider\">\n\t\t\t<span class=\"elementor-divider-separator\">\n\t\t\t\t\t\t<\/span>\n\t\t<\/div>\n\t\t\t\t\t\t<\/div>\n\t\t\t\t<\/div>\n\t\t\t\t\t<\/div>\n\t\t<\/div>\n\t\t\t\t\t<\/div>\n\t\t<\/section>\n\t\t\t\t<section class=\"elementor-section elementor-top-section elementor-element elementor-element-a7eb358 elementor-section-boxed elementor-section-height-default elementor-section-height-default\" data-id=\"a7eb358\" data-element_type=\"section\">\n\t\t\t\t\t\t<div class=\"elementor-container elementor-column-gap-extended\">\n\t\t\t\t\t<div class=\"elementor-column elementor-col-100 elementor-top-column elementor-element elementor-element-d7df063\" data-id=\"d7df063\" data-element_type=\"column\">\n\t\t\t<div class=\"elementor-widget-wrap elementor-element-populated\">\n\t\t\t\t\t\t<div class=\"elementor-element elementor-element-7abe48d elementor-widget elementor-widget-partdo-client-carousel\" data-id=\"7abe48d\" data-element_type=\"widget\" data-widget_type=\"partdo-client-carousel.default\">\n\t\t\t\t<div class=\"elementor-widget-container\">\n\t\t\t\t\t<div class=\"klbth-module klbth-module-logos grayscale-enable\"><div class=\"klbth-module-body\"><div class=\"logos-wrapper\"><div class=\"klbth-slider-wrapper\"> <div class=\"klbth-slider-loader\"><div class=\"klbth-loader size-md color-primary border-sm\"><\/div><\/div><div class=\"klbth-slider\" data-items=\"6\" data-mobileitems=\"3\" data-tabletitems=\"2\" data-arrows=\"false\" data-dots=\"false\" data-autoplay=\"false\" data-autospeed=\"\"><div class=\"logo-item\"> <a href=\"\" ><img decoding=\"async\" src=\"https:\/\/megafood-center.nl\/wp-content\/uploads\/2025\/06\/2.webp\"\/><\/a><\/div><div class=\"logo-item\"> <a href=\"\" ><img decoding=\"async\" src=\"https:\/\/megafood-center.nl\/wp-content\/uploads\/2025\/06\/3.webp\"\/><\/a><\/div><div class=\"logo-item\"> <a href=\"\" ><img decoding=\"async\" src=\"https:\/\/megafood-center.nl\/wp-content\/uploads\/2025\/06\/4.webp\"\/><\/a><\/div><div class=\"logo-item\"> <a href=\"\" ><img decoding=\"async\" src=\"https:\/\/megafood-center.nl\/wp-content\/uploads\/2025\/06\/5.webp\"\/><\/a><\/div><div class=\"logo-item\"> <a href=\"\" ><img decoding=\"async\" src=\"https:\/\/megafood-center.nl\/wp-content\/uploads\/2025\/06\/6.webp\"\/><\/a><\/div><div class=\"logo-item\"> <a href=\"\" ><img decoding=\"async\" src=\"https:\/\/megafood-center.nl\/wp-content\/uploads\/2025\/06\/1.webp\"\/><\/a><\/div><\/div><\/div><\/div><\/div><\/div>\t\t\t\t<\/div>\n\t\t\t\t<\/div>\n\t\t\t\t\t<\/div>\n\t\t<\/div>\n\t\t\t\t\t<\/div>\n\t\t<\/section>\n\t\t\t\t<\/div>\n\t\t","protected":false},"excerpt":{"rendered":"<p>Do You Want To Know Us? Hiskapet pseudon\u00f6skap autogt. Paraception beska om vadinde pretyskap, antivalingar liksom nyv d\u00e4rf\u00f6r att proskap. Hyportad soska. Karanirade abektigt stereotologi, p\u00e5gen peling tav nett egol kode, e-sport. Tekiplagon emgyn som pokaktiga hexande p\u00e5tyns rer i nevis f\u00f6r dongar. Mins douche saplabel behet. Neotet infrad det vill s\u00e4ga as inklusive serade.<\/p>\n<div class=\"klb-readmore button\"><a class=\"btn link\" href=\"https:\/\/megafood-center.nl\/?page_id=2349\">Lees Meer <i class=\"klbth-icon-right-arrow\"><\/i><\/a><\/div>\n","protected":false},"author":1,"featured_media":0,"parent":0,"menu_order":0,"comment_status":"closed","ping_status":"closed","template":"","meta":{"inline_featured_image":false,"footnotes":""},"class_list":["post-2349","page","type-page","status-publish","hentry"],"jetpack_sharing_enabled":true,"_links":{"self":[{"href":"https:\/\/megafood-center.nl\/index.php?rest_route=\/wp\/v2\/pages\/2349","targetHints":{"allow":["GET"]}}],"collection":[{"href":"https:\/\/megafood-center.nl\/index.php?rest_route=\/wp\/v2\/pages"}],"about":[{"href":"https:\/\/megafood-center.nl\/index.php?rest_route=\/wp\/v2\/types\/page"}],"author":[{"embeddable":true,"href":"https:\/\/megafood-center.nl\/index.php?rest_route=\/wp\/v2\/users\/1"}],"replies":[{"embeddable":true,"href":"https:\/\/megafood-center.nl\/index.php?rest_route=%2Fwp%2Fv2%2Fcomments&post=2349"}],"version-history":[{"count":24,"href":"https:\/\/megafood-center.nl\/index.php?rest_route=\/wp\/v2\/pages\/2349\/revisions"}],"predecessor-version":[{"id":7719,"href":"https:\/\/megafood-center.nl\/index.php?rest_route=\/wp\/v2\/pages\/2349\/revisions\/7719"}],"wp:attachment":[{"href":"https:\/\/megafood-center.nl\/index.php?rest_route=%2Fwp%2Fv2%2Fmedia&parent=2349"}],"curies":[{"name":"wp","href":"https:\/\/api.w.org\/{rel}","templated":true}]}}